inder when s is divided by 1*(-4)/(-8)*24?
5
What is the remainder when 3873 is divided by ((-989)/(-69))/(2/180)?
3
Let h be ((-9)/2)/((-4)/(-8)). Let m(k) = k**3 + 8*k**2 + k + 11. Let o be m(-8). What is the remainder when h/o + (-9)/(-3) - -67 is divided by 24?
19
Suppose 0 = -5*t - 5*i + 485, -4*t - 7*i = -4*i - 385. Calculate the remainder when 455 is divided by t.
79
Let d = -1130 - -1156. Let f be 3*(-4)/18*-3. Suppose 4*o - f*y = 310, 3*o - 73 = 2*o - 4*y. What is the remainder when o is divided by d?
25
Suppose -3*h = 3*a - 138, 5*a - h - 135 = 71. Calculate the remainder when (1/((-35)/a))/((-3)/130) is divided by 9.
7
Let s be (-4)/6*30/(-4)*-1. Let z(g) = 2*g**3 + 9*g**2 - 8*g - 13. Let x be z(s). What is the remainder when (216/x - (-68)/(-17)) + -1 is divided by 15?
13
Let h(z) = -1288*z - 2763. Calculate the remainder when h(-3) is divided by 61.
3
Let o be (75/50)/(3 - (-10)/(-4)). Suppose 10*t + 190 = 5*r + 5*t, 4*t = -o*r + 79. What is the remainder when 122 is divided by r?
23
Suppose 71 = c + 13*i, c + 7*i - 4*i = 41. What is the remainder when 8122 is divided by c?
26
Suppose 729 = 3*g + 5*i, -g + 87 = -3*i - 184. What is the remainder when g is divided by 124?
5
Let n(y) = 192*y**2 + 811*y - 12. What is the remainder when n(-7) is divided by 31?
30
Suppose -2*w + 5*d + 180 = 0, 213*w - 516 = 208*w - 4*d. Calculate the remainder when 472 is divided by w.
72
Let n(g) = 264*g + 1487. What is the remainder when n(18) is divided by 78?
77
Let b be (-2)/(-9) - 2660/(-180). What is the remainder when 95 is divided by (-180)/b*14/(-12)?
11
Let m(h) = -h**3 - 41*h**2 - 308*h + 89. Calculate the remainder when 2103 is divided by m(-31).
24
Let d(h) = h**2 - 6*h - 9. Let s = -82 - -86. Suppose 0 = -4*g - 2*l + 356, -s*g - 6*l + 358 = -3*l. What is the remainder when g is divided by d(10)?
26
Let h(c) = 2*c**2 + 20*c - 363. Calculate the remainder when h(10) is divided by 5.
2
Let n(a) = 4*a + 22. Let u be n(-5). Suppose 4*s - d = 100, -4*s + 0*s + 104 = -u*d. Calculate the remainder when 28 is divided by s.
4
Suppose 11*i = i + 130. What is the remainder when 26349 is divided by i?
11
Let g(b) = -31*b + 321. What is the remainder when g(8) is divided by 7?
3
Suppose 1238*p - 1189*p = 2548. What is the remainder when p is divided by 20 + (2 - (-2 + 2))?
8
Suppose 93 = 3*a + 3*x - 72, -2*a - 5*x = -95. What is the remainder when a is divided by 53?
7
Calculate the remainder when ((-2)/3)/(-6*(-11)/(-187407)) is divided by 12.
9
Suppose -2*z - z + 13 = k, -5*z + 31 = 4*k. Suppose z*j = -27 - 153. Let i = -57 - j. Calculate the remainder when 9 is divided by i.
0
Suppose -15*a + 9840 = 113*a + 200*a. Suppose 3*g = 2*g + 69. Calculate the remainder when g is divided by a.
9
Let q be ((-56)/12)/(3 - (-24)/(-9)). What is the remainder when -155*7/q*(-6)/(-5) is divided by 37?
19
Let c(q) = 3*q + 1. What is the remainder when c(6) is divided by 66/55*10/(-4) - -16?
6
Let o = 14112 + -13515. What is the remainder when o is divided by 6?
3
Suppose 3*c - 48 = -3*r, 49 = 4*r + 3*c - 18. Calculate the remainder when 283 is divided by r.
17
Let m(g) = g**2 - 23*g + 75. Let b be m(4). Let c(a) = -32*a**3 - 7*a**2 - 6*a. What is the remainder when c(b) is divided by 8?
7
What is the remainder when 4957 is divided by (13 + (-1876)/70*5)*-1?
117
Let c be (-4)/(-10) + 2 + 3132/20. Let k = c + -222. Let v = 74 + k. What is the remainder when 21 is divided by v?
10
Suppose -899*l + 1400 = -885*l. Calculate the remainder when l is divided by 100.
0
Suppose -5*j = -c + 98 - 6, -c + 2*j + 89 = 0. What is the remainder when c is divided by 82?
5
Let f(t) = t**3 + 10*t**2 + 4*t - 13. Suppose 4*l - 2*y + 24 = 0, -4*l + 3*y + y = 16. What is the remainder when f(l) is divided by 35?
13
Let u(n) = -2*n**2 + 19*n - 9. Let f be u(9). Suppose -4*h + 80 + 276 = f. What is the remainder when h is divided by 31?
27
Let q(i) = -i**2 - 27*i + 373. Calculate the remainder when q(-26) is divided by 40.
39
Let g(k) = 852*k**2 - 5*k - 10. What is the remainder when g(-2) is divided by 10?
8
Let w(o) = -o**2 + 11*o - 178. Let c be w(21). Let v = c - -406. Calculate the remainder when v is divided by 14.
4
Calculate the remainder when (2922/4)/(51/2516) is divided by 68.
66
Suppose -12544 = -3*k - 5*p, 99*k - 98*k - p - 4168 = 0. Calculate the remainder when k is divided by 58.
55
Suppose -2*a + 54 = 2*g, -4*a + 8*g = 11*g - 106. Let q be 45/(-18)*8/(-10). Suppose z = q*z - 120. Calculate the remainder when z is divided by a.
20
Let t(g) = 35*g**2 + 4*g + 9. Let y(a) = -18*a**2 - 2*a - 5. Let v(w) = 3*t(w) + 5*y(w). What is the remainder when v(-3) is divided by (-198)/(-110)*15 + 7?
29
Suppose -80 = 3*y - 4*n - 352, -4*y = 2*n - 414. What is the remainder when y is divided by 20?
0
Suppose -3*s = 808*g - 812*g - 6683, -s = 4*g - 2249. What is the remainder when s is divided by 446?
3
Let a(v) = 93*v - 16*v + v**2 - 42*v - 15. Calculate the remainder when a(9) is divided by 48.
45
Let q = 10654 - 10210. What is the remainder when q is divided by 88?
4
What is the remainder when 627 is divided by (121/(-121))/(1/(-33))?
0
Suppose 0 = 5*m - 12*m + 98. Let g(h) = h**2 - 17*h - 19. Let u be g(m). Let c = -50 - u. What is the remainder when 107 is divided by c?
8
Let j be (1276/12)/(-11)*6. Let o be 3/(1/73*3). Let d = j + o. What is the remainder when d is divided by 9?
6
Suppose 306*m = 310*m + 1064. Let h = -254 - m. What is the remainder when 62 is divided by h?
2
What is the remainder when 11 + 1 + (-1200)/(-5) is divided by 17?
14
Calculate the remainder when (-5 - (-16)/3)/((-2)/(-762)) is divided by (-10)/(-2) - -1 - -2.
7
Let i(w) be the third derivative of -w**5/60 - 3*w**4/4 + 181*w**3/3 - 2*w**2 + 2. Calculate the remainder when i(0) is divided by 61.
57
Let v(p) = 57*p + 1645. Calculate the remainder when 399 is divided by v(-28).
7
Suppose -4*b - 7 = -4*k + 13, -3*k + 4*b + 18 = 0. Suppose -14*u + 9*u = 15, -5*u = k*p - 13. What is the remainder when 193 is divided by p?
11
Let m be ((-1)/3 - -1) + (-860)/(-258). Suppose -2*o - m = n - 104, o - 50 = 5*n. Calculate the remainder when 247 is divided by o.
47
Let z(u) = -3*u**2 - 2*u**2 - 2*u - 5 + 7*u**2. Let n be 66/17 + 2/17. What is the remainder when 54 is divided by z(n)?
16
Let f = -576 + 609. Calculate the remainder when 1515 is divided by f.
30
Let u be 15/(-2)*870/(-25). Suppose 3*h - 2*c - 159 = 0, -5*c - u + 49 = -4*h. What is the remainder when h is divided by 5?
3
Suppose -6616 - 1245 = -50*t + 2339. Calculate the remainder when t is divided by 16.
12
Let k = -25125 - -25157. What is the remainder when 91 is divided by k?
27
Let k(i) = 3*i + 28. Let m be k(-9). Let p(y) = 137*y. Let u be p(m). Suppose -j + 57 = -2*f + u, j + 156 = 4*f. What is the remainder when 112 is divided by f?
36
Let d = -223 + 221. Let l = d - -36. Calculate the remainder when l is divided by 10.
4
Let v(n) = 23*n**3 + n**2 - n. Let w be v(1). Suppose -24 = l - w. Calculate the remainder when 4/((-4)/(-59)) + (-2)/l is divided by 16.
13
What is the remainder when (-48015)/132*32/(-6) is divided by 72?
68
Suppose -5*h = v - 119, v + 46*h - 125 = 44*h. What is the remainder when v is divided by 20?
9
Let m = 35 + -5. What is the remainder when 4927/(-19708)*-236*(-4)/(-2) is divided by m?
28
Let f(m) = -121*m + 16. Let t be f(3). Let j = -323 - t. What is the remainder when j is divided by 3?
0
Suppose 5*j - 82*z + 87*z - 22070 = 0, 2*j - 8825 = -5*z. Calculate the remainder when j is divided by 16.
15
Let n = -122 + 189. Let j = -19 + 19. What is the remainder when n is divided by 8 - (-2 - (j + (-3 - -3)))?
7
Let h(a) = -a - 3. Let g be h(22). Let d(l) = -2*l**2 - 16*l + 6. Let n be d(-9). Let t = n - g. What is the remainder when 205 is divided by t?
10
Let k = 17856 - 3003. Calculate the remainder when k is divided by 24.
21
Suppose 2*o = 2*a - 1656, 14*a = 9*a + 3*o + 4146. What is the remainder when a is divided by 17?
15
Calculate the remainder when 7 + 2 - (-3084)/12*8 is divided by 15.
10
Let s = -182 - -182. Suppose 0*f = -f + 66. Suppose s = 5*q - 3*w - 114, w + f = 3*q - 0*w. What is the remainder when 61 is divided by q?
19
Let v = 3 + 0. Suppose -v*r - 4*x + 142 = 0, -5*x = -5*r + 114 + 146. Let q = -26988 - -2700